. Calculate the highest common divisor of p and 198.
18
Let w(p) = 2*p**3 - 2*p**2 + 3. Let k be w(2). Let i(s) = -s**2 - 9*s + 3. Let m be i(-8). Calculate the greatest common factor of m and k.
11
Let w be (-6)/(-1 + 20/32). Calculate the highest common divisor of 2 and w.
2
Let n = 27 + -23. What is the highest common factor of n and 44?
4
Let t(g) = -g**2 + 10*g - 10. Let q be t(8). Suppose -q = -2*b + 4*b. Let i = 15 + b. What is the highest common factor of i and 108?
12
Suppose -4*h = 9 - 105. Let z = h - 9. What is the highest common divisor of z and 15?
15
Suppose -4*m + 133 = -75. What is the greatest common factor of m and 13?
13
Suppose 4*y + 345 = -y. Let t be (-1)/(-4) + y/(-12). Suppose 4*j - 3*c - 207 = 0, -21 - 229 = -5*j + 2*c. What is the greatest common factor of j and t?
6
Let c(u) = u - 6. Let k be c(7). Let d be k/((-3)/(-45) - 0). Let x be d/4 + (-3)/(-12). Calculate the highest common factor of x and 40.
4
Let h(f) = -8*f - 71. Let v be h(-10). What is the greatest common factor of v and 2?
1
Suppose -2*l = -28 + 78. Let o = 17 + l. Let i be (o/(-2))/((-3)/(-21)). Calculate the greatest common divisor of i and 7.
7
Suppose 2*q + a - 7 = 0, -5*a + 2 = -13. Suppose -2*p + 984 = q*p. Let x = p + -113. Calculate the greatest common divisor of x and 19.
19
Let z(b) = -3*b - 2. Let q be z(-2). Suppose 0 = q*t + 12, -2*j + t - 4*t = 1. Calculate the greatest common factor of 6 and j.
2
Suppose 2*x - 33 = -g, -3*x + 2*g - 4*g = -49. Calculate the highest common factor of 187 and x.
17
Suppose -i = -j + 2, 0 = -2*i - 0*i - 2*j - 8. Let x = i + 9. Let d be (76/2)/2 - 1. What is the greatest common factor of d and x?
6
Suppose -5*m + 10 = 0, 5*c = 4*m + 33 - 1. Let r = 0 + c. What is the greatest common factor of 2 and r?
2
Let t(f) = -9*f + 3 - 3 + 22*f - 1. Let q be t(1). Suppose -4 - q = -2*v. Calculate the highest common factor of v and 8.
8
Let k(c) = -2 + 0*c - 5*c + 0. Let s be k(-2). Let x be (-8)/3*(-3)/2. What is the greatest common factor of s and x?
4
Suppose -5*f + 456 = 3*m, -4*f + m = -3*m - 384. Calculate the highest common divisor of f and 31.
31
Let h be ((-46)/(-4))/((-4)/(-16)). What is the highest common divisor of h and 23?
23
Let b be 0 + 3 + -1 - -1. Suppose -155 - 76 = -b*m. Suppose -3*g = -0*g - 4*z - 5, -2*z = -8. Calculate the highest common divisor of g and m.
7
Let w(b) = -b**3 - 2*b**2 + 2*b + 2. Suppose 12 = -2*a - 2*a. Let q be w(a). Suppose q*c - c = 80. Calculate the highest common divisor of c and 30.
10
Let o = -33 + 67. What is the greatest common factor of 2 and o?
2
Suppose -7*z = 3*p - 8*z - 47, 4*p - 68 = -4*z. Suppose 0 = -3*v + 138 + 6. Calculate the greatest common factor of p and v.
16
Suppose 3*c = -c + 32. Let n be -24*(-3 + ((-12)/9)/(-2)). Calculate the greatest common divisor of n and c.
8
Let b(p) = -p + 16. Let a be b(0). Let h be (-31)/4 - (-2)/(-8). Let u = 12 + h. What is the greatest common divisor of a and u?
4
Suppose -2*j = 8, -3*d - 4*j = -2*d. Suppose 2*p - 6*p - 28 = 0. Let t be 4/(-14) + (-1234)/p. Calculate the greatest common factor of d and t.
16
Suppose 72 = 3*k - 7*k. Let z = k + -24. Let n be (-1)/(1 + 44/z). What is the highest common divisor of n and 21?
21
Let d be -2*(-2)/(-2) + 44. Let r = 3 + 1. Suppose k + 5*a - 1 = 0, -6*a + 2*a = r. Calculate the greatest common divisor of d and k.
6
Suppose 255 = 21*z - 16*z. Suppose -5*s + r - 4*r - 12 = 0, -4*s - 2*r - 10 = 0. Let l be (-2 - -1)/(s/51). Calculate the highest common divisor of l and z.
17
Suppose 2*d = l - 0*l - 24, -d - 4*l = 12. Let h be 2 - 3/((-9)/d). Let b be 0 + -3 + 9 + h. What is the highest common factor of b and 20?
4
Let o = 5 + -5. Let z(y) = 2*y**2 + 4*y - 5. Let b be z(-5). Suppose o = -c + b - 5. What is the greatest common divisor of 4 and c?
4
Suppose 3*w + 2*w = 50. Let g(x) = x**2 + 40. Let f be g(0). What is the highest common factor of f and w?
10
Suppose -i + 2*i = 67. Suppose 19 - i = -4*r. What is the highest common factor of r and 6?
6
Let v be (6/12)/((-2)/(-72)). Let p be (v/21)/(3/21). What is the greatest common divisor of 3 and p?
3
Let i(b) = 18*b**2. Suppose 3*v + 13 = 2*j - 18, 15 = -3*v. Let n = 9 - j. Let r be i(n). Calculate the greatest common divisor of r and 72.
18
Let c be (-6)/9*114/12*-3. Suppose -3*h - 11 = 1, 293 = 5*k - 2*h. What is the highest common divisor of c and k?
19
Suppose 26 = 8*b - 7*b. Let p = -77 + 181. What is the greatest common factor of b and p?
26
Suppose -2*a = -0*a - 6, -l - 4*a + 16 = 0. Suppose l*c = -4*p, c - 5 = 3*p + 11. Calculate the highest common divisor of 28 and c.
4
Let k(a) = 6*a**3 - a**2 - a - 4. Let u be k(2). Calculate the highest common divisor of 190 and u.
38
Let b(v) = -v**3 - 10*v**2 - 11*v - 12. Let n be b(-9). Suppose 0*r + r = 0. Suppose w + 9 - 27 = r. What is the highest common divisor of w and n?
6
Let c = 2 + 13. Let r = 1 - 6. Let d be -2*r*(-1)/(-2). Calculate the highest common factor of c and d.
5
Suppose 5*w + x - 227 = 0, x + 2 = 4. Calculate the highest common factor of 18 and w.
9
Let a = -39 + 50. What is the greatest common divisor of 44 and a?
11
Suppose 5*l + 18 = z, 4*z - 1 = -2*l + 27. Suppose 0 = 3*w - z*w + 165. Calculate the greatest common factor of w and 11.
11
Suppose -4*c = -637 + 165. Let r = 216 - c. Calculate the highest common divisor of r and 14.
14
Let j be 12*-2*6/(-12). What is the greatest common factor of j and 12?
12
Let z = -78 - -88. Let h = 114 + -64. Calculate the greatest common factor of h and z.
10
Suppose 4*d - 54 = d. Let f = 23 - 14. What is the greatest common divisor of f and d?
9
Let n = 102 - 38. What is the highest common divisor of 80 and n?
16
Suppose 0 = -5*w - 0*w - 2*l + 89, w + 2*l - 13 = 0. What is the highest common divisor of 19 and w?
19
Suppose 37 + 563 = -4*n. Let b = 672 + -423. Let a = n + b. Calculate the highest common factor of a and 9.
9
Let r be (1 - (-24 - 1)) + 0 + -2. Calculate the highest common divisor of 192 and r.
24
Suppose 0*g + 2*w + 18 = 2*g, 4*w = 5*g - 48. What is the highest common factor of g and 4?
4
Suppose 0 = 5*b - 2*b - 4*d - 96, d = -3. Let j(l) = -l**3 + 8*l**2 + 9*l + 7. Let t be j(9). What is the greatest common divisor of b and t?
7
Let y(p) = 4*p**2 + p + 2. Let n be y(-1). What is the highest common divisor of 15 and n?
5
Let s be 3 - (4 - 3 - 2). Suppose s*t = 58 + 22. What is the greatest common divisor of t and 50?
10
Suppose m - 5*p - 28 = 46, -3*m - p = -158. Let y(b) = 7*b - 8. Let k be y(2). What is the greatest common factor of m and k?
6
Let h(m) = m**2 - 7*m - 17. Let p be h(9). Calculate the highest common factor of 4 and p.
1
Let g be 52 + (4 - 3 - 3). What is the highest common divisor of g and 5?
5
Let x be 52 + (0/2 - -2). Suppose 105 + 15 = 5*o. Suppose -o = -2*f - 2*f. What is the greatest common factor of f and x?
6
Let q(l) = 20*l - 3. Let x be q(2). Calculate the greatest common factor of x and 407.
37
Suppose 2*v - v = 3*i - 40, i - 14 = v. Calculate the greatest common factor of 143 and i.
13
Suppose 0 = 3*x + t - 13 + 2, 0 = 5*t + 5. Suppose -3*v = 3*n - 24, 0 = -4*n + x. Calculate the greatest common divisor of 1 and v.
1
Suppose -4*r = -5*r + 80. Suppose -5*v = -127 - 233. Let c = v + r. Calculate the greatest common divisor of 19 and c.
19
Suppose 2*v = -2 + 28. Suppose 0*i = 2*i - 66. Let o = i - v. What is the greatest common divisor of o and 2?
2
Suppose -o = 5*p - p - 41, 0 = 2*p - 3*o - 3. Calculate the highest common factor of 1 and p.
1
Let c(t) = 9*t**2 + 5*t - 4. Let l(w) = 18*w**2 + 11*w - 9. Let s(o) = 9*c(o) - 4*l(o). Let g be s(-1). What is the greatest common divisor of 2 and g?
2
Let u be 163/11 - (-4)/22. Let r be 3/u - (-139)/5. What is the greatest common factor of r and 196?
28
Let l be (-292)/(-7) - (-4)/14. Suppose 5*r + 3*k - 70 = 0, 2*k = r - 0*k - 14. What is the highest common divisor of r and l?
14
Suppose 3*y - 5*w = 28, 0 = -3*y - 8*w + 6*w - 7. Suppose 2*h = 3*g + 31, -5*h + g - 6*g + 15 = 0. Calculate the highest common divisor of h and y.
1
Let i(v) = -v + 17. Let f be i(12). Suppose f*z - 3*h = 338, -2*h = -2*z - 5*h + 152. What is the highest common divisor of z and 10?
10
Suppose 6*p = p + 25. Suppose 0*y + p*y - 45 = 0. What is the greatest common divis